 l be 3 - 2 - (-5 + 1). Suppose -4*c = l*t + 7, 3*t - 9 = 3*c + 8*t. Suppose 0 = -2*o + g + 27, 3*o - c = 3*g + 37. Is o a prime number?
False
Suppose 26 = y + 2*b, -4*b + 66 = 3*y - 2*b. Suppose y*z - 38 = 18*z. Is z prime?
True
Let d(m) = 74*m + 2. Let a(v) = -75*v - 3. Let h(c) = 3*a(c) + 4*d(c). Let g(n) = -3*n + 1. Let w be g(-3). Is h(w) a composite number?
False
Suppose 0 = -2*j + 4*f + 2638 + 11064, 4*f + 20 = 0. Is j a prime number?
True
Suppose 16*n - 13*n - 23817 = 0. Is n prime?
False
Let k(h) = -170*h - 1. Suppose -2*s = g + 4, 3*g - 32 = 6*s - s. Is k(s) prime?
False
Let m be (-4)/18 + 799/153. Suppose 4*a = -0*a + 4*b + 2224, -1676 = -3*a - m*b. Is a composite?
False
Suppose 0*u = -2*u + 12. Let p be (-4)/3*(u - 3). Is (-334)/p - (-1)/(-2) a prime number?
True
Suppose -30*k + 44043 = -5427. Is k composite?
True
Suppose -43*w + 40*w + 46173 = 0. Is w prime?
True
Let k = -70 + 40. Let m be (-100)/k*1*18. Suppose -m = -a + 83. Is a a prime number?
False
Let f = 21 - 21. Is 1/(4/5020 - f) a composite number?
True
Let i = 23 - 21. Suppose 3880 = 6*s + i*s. Is s prime?
False
Let w(x) be the second derivative of x**6/90 + x**5/24 + 13*x**4/24 - 3*x**3/2 - 12*x. Let k(m) be the second derivative of w(m). Is k(-6) prime?
True
Suppose 7666 + 679049 = 15*v. Is v a composite number?
True
Let m = 24 - 19. Let q = m + 3. Suppose -q*a = -11*a + 795. Is a prime?
False
Let r = 130 + -121. Suppose 0 = r*q - 4020 - 3153. Is q a prime number?
True
Let q be -1*2/(-10) - (-190)/50. Suppose x - q*x = -2937. Is x composite?
True
Is 5 - (-2 - 8 - 74632) composite?
True
Suppose -10 - 10 = -5*g. Suppose 0 = k - 4, -g*x = -3*x + 4*k - 275. Is x composite?
True
Let c be -4 + 8/(0 + 2). Suppose 8*g - 10*g + 124 = c. Suppose q - 239 = g. Is q a prime number?
False
Suppose 6*q - 130 = q. Suppose -3*c + c - 5*o + 44 = 0, -3*o = 3*c - 84. Let b = c + q. Is b a composite number?
True
Let y(g) = -51*g**3 - 4*g**2 - 7*g - 11. Is y(-5) a composite number?
False
Let d(x) = -7*x + 43 - 38 - 38*x + 2*x. Let t be d(-10). Suppose -569 = -4*l + t. Is l a prime number?
True
Let i(p) be the first derivative of 4*p**3/3 - p**2 - 11*p - 37. Is i(-13) a prime number?
True
Let i(d) = 5*d - 9. Let q be i(0). Is q + 1644 + (-1 - -3) a prime number?
True
Let s be 0/((-4)/(-10) - (-35)/(-25)). Is (-8)/(-24)*9 - (s + -656) a composite number?
False
Let h(o) = 59*o**2 + 28*o + 7. Is h(-4) prime?
True
Suppose -5*d - 2*i - 3*i = 525, -3*d - 315 = 4*i. Let m be (-2 - (-61 - 0))/(-1). Let n = m - d. Is n a composite number?
True
Suppose 13*l - 22*l + 42759 = 0. Is l a prime number?
True
Let c(k) = -k**2 + 13*k - 14. Suppose -8 = -x + 3*q, 0 = -5*q + q + 4. Let s be c(x). Suppose -s*z + 2110 = -3*z. Is z a prime number?
False
Let f(q) = 70*q - 46. Let c be f(-25). Is (160/24 - 7) + c/(-6) a composite number?
True
Is -12 + 4 + 4 - -12155 prime?
False
Suppose -1744 = -2*o - 2*o. Suppose 5*i - 24 = -4. Suppose -o - 48 = -i*j. Is j a prime number?
False
Let o = -4 - -2. Is ((-967)/o)/((-8)/(-48)) a composite number?
True
Let f(w) = w**2 + 4*w - 11. Let l be f(-6). Let i be l/(-5) + 2244/20. Let q = 231 - i. Is q a prime number?
False
Let z = -12 + 14. Let r = -12 - -12. Suppose v - 4*q - 77 = r, -2*q - z = -10. Is v composite?
True
Let v(c) = 4647*c**2 + 5*c + 5. Let q be -3*1*(-2)/(-6). Is v(q) a composite number?
True
Let v(b) = 476*b + 391. Is v(11) composite?
True
Let a(r) = 5*r - 2. Let y be a(1). Suppose 2*v + l = 5*v - 22033, 12 = -y*l. Is v composite?
True
Let o be (3/(-6))/(1/(-6)). Suppose -o*b - 4 = b. Is b - 2/(-2)*58 a prime number?
False
Suppose 4*b + 5*r - 55857 = 0, -5*b + 47902 = r - 21914. Is b composite?
False
Suppose -409 = -w - 4*l, -2*w + 4*l + 854 = 3*l. Suppose -3*m = -0*m - 486. Let r = w + m. Is r a composite number?
False
Let r(l) = 2*l + 14. Let c be r(-7). Suppose -x + 0*x + 1293 = c. Is x a composite number?
True
Let i = -3 + 5. Let o(v) = 3*v**2 + 7 + 0*v**2 + v**2 + 3*v + i*v**2. Is o(-6) a composite number?
True
Suppose 5*b - 2*x + 5*x - 370 = 0, -3*x = -5*b + 340. Suppose k - 146 = 3*i, -2*i - 4*k - 66 = -i. Let d = b - i. Is d a prime number?
False
Suppose 0 = 2*x - 0*x + 8614. Let u = -2423 - x. Is (4/(-6))/((-8)/u) a prime number?
True
Let m(g) = -24*g - 35. Is m(-24) a prime number?
True
Let b(t) = 5 + 10*t + 46*t - 4 - 11*t. Is b(1) a composite number?
True
Let h be 0/(1 - (1 - -1)). Suppose -16*y + 13*y + 12 = h. Suppose 0 = b + 4*b, -5*b - 1676 = -y*z. Is z composite?
False
Suppose -9*r + 8228 = -34117. Is r prime?
False
Let x(p) be the first derivative of 127*p**2/2 - 19*p - 5. Is x(6) a prime number?
True
Let r(g) = 3 + 0 - 4 - 10*g. Suppose 5*t - 9 = -2*h, 58 = -4*h + 3*t + 11. Is r(h) a prime number?
True
Let d(r) = r**2 + 3*r + 1. Let a be d(-6). Let n = a - -19. Is n a prime number?
False
Suppose 2*n + 0*t - 9676 = -3*t, -t + 9672 = 2*n. Is n a prime number?
False
Suppose 3*k - f - 1335 = 0, -10*k + 5*k = 5*f - 2245. Is k prime?
False
Suppose 109*w - 110*w = 3. Let k = -11 + 7. Is (-933)/k + w/12 a prime number?
True
Let v = -22714 - -36023. Is v composite?
False
Let d be -62*(2*-1 + -4). Let j be (46/69)/(2/6). Suppose z = -j*o + 377, 0*o - 2*o - 2*z + d = 0. Is o a prime number?
True
Suppose 0 = r - 11 - 4. Let l = -13 + r. Suppose l*y + 111 = 5*n - 2*y, 3*y + 20 = n. Is n a composite number?
False
Let v = 3333 + 2928. Suppose -1294 - v = -5*d. Is d prime?
True
Suppose 32*v - 4841338 = -74*v. Is v prime?
True
Let j(b) = 3*b**3 - 15*b**2 + 5*b + 17. Is j(8) a prime number?
False
Suppose 29*z - 6378577 = -14*z. Is z a prime number?
True
Let j(c) = 593*c - 3. Let r be j(5). Suppose -2*w + 0*w = -r. Is w a prime number?
True
Let z = -7 + 10. Suppose 8*r = z*r - 3*q + 52, -r - 2*q + 9 = 0. Is (-1 - 1) + (r - -202) a prime number?
True
Let o(t) = 307*t**2 - 17*t - 53. Is o(-6) a prime number?
False
Let m(j) = 1775*j + 31. Is m(12) composite?
True
Let v(z) be the second derivative of -z**3/3 + 3*z**2 + 3*z. Let k be v(4). Let w(s) = -3*s + 4. Is w(k) a prime number?
False
Suppose 6*h - 2577 = 2763. Suppose 1119 = 5*s + 2*b, -4*s + b = -0*s - h. Is s prime?
True
Let q(f) = -2437*f**3 + 5*f**2 + 5*f - 5. Is q(-2) a composite number?
False
Suppose -108*c + 905873 = -79*c. Is c a prime number?
True
Let x(t) = t**2 - 12*t + 12. Let a be x(8). Let o be a/30 + (-11)/(-3). Suppose -2*s = -o*j - 142 - 277, 4*j = 4. Is s prime?
True
Let k be 7/((-7)/(-3)) + 3. Suppose k*z - z = 115. Is z composite?
False
Let x = -1 - -3. Suppose -3*g + 7*g = -x*d - 8, -4*d + 20 = -g. Let u = g + 11. Is u a composite number?
False
Suppose -4*x + 20 = -4*g, -2*x + 25 = -2*g + 3*x. Suppose g*c + 440 = 8*c. Is c a prime number?
False
Let m = 10837 + -6396. Is m composite?
False
Let t be (12/2)/((-2)/(-1)). Suppose 0 = 5*y - 2*h + 444 - 1395, -t*h - 758 = -4*y. Is y prime?
True
Suppose 0 = -2*q + z + 13121, q - 3*z + 893 = 7441. Is q prime?
True
Let g(z) = z**2 - 8*z - 14. Let w be g(-7). Let q = w + -14. Is q a prime number?
False
Let b = 4166 + -2769. Is b prime?
False
Let a = 666 + -307. Is a a composite number?
False
Is (21/(-14))/((-15)/109090) composite?
False
Let u(a) = 61309*a - 490. Is u(3) a composite number?
False
Suppose 0 = 4*o - 45 - 39. Suppose 5*r = 9*r + 5*p + 3, -3*r + 21 = -4*p. Is (271/r)/(7/o) prime?
True
Let w = 36757 - 25560. Is w prime?
True
Let r(y) = -154*y - 4. Let j be r(-5). Suppose a = 2*z + 893, 4*a - 890 = -z + 3*z. Let d = j + z. Is d composite?
True
Let s = 50 + -28. Let i be s/(-33) + 23/3. Let o(a) = 76*a - 11. Is o(i) a prime number?
True
Let w = -63 - -66. Suppose -63 - 16 = c. Is w + (3 - (-2 + c)) a composite number?
True
Let u(d) = -d - 15. Let g be u(-12). Let v(q) = 2*q**2 + 3*q - 4. Let t be v(g). Suppose -3*l + 430 = 5*y - 315, 2*l = -t*y + 745. Is y a composite number?
False
Suppose -u - h + 16 = 4*u, 3 = 3*h. Suppose 0 = -r + 2*g + 2111, -u*r - 3*g + 5522 = -766. Is r composite?
True
Let h be (-2 - (-2)/2) + 0. Let q(p) = -p. Let z be q(-2). Is z - (-1 + h + -157) a prime number?
False
Let y = -21 + 35. Let d(i) = 2*i - 20. Let v be d(y). Suppose 166 = v*q - 6*q. Is q prime?
True
Suppose -2*b = -5*q + 1263 + 3127, 0 = 4*q - 2*b - 3510. Suppose 5*y + 1051 - 211 = 4*u, q = 4*u + 5*y. Is u composite?
True
Let y(a) = 25*a**2 - 42*a - 1